{"id":5528,"date":"2017-08-02T23:47:51","date_gmt":"2017-08-02T23:47:51","guid":{"rendered":"https:\/\/endoscopiaterapeutica.net\/pt\/classificacao\/publish-23\/"},"modified":"2021-08-10T01:13:24","modified_gmt":"2021-08-10T01:13:24","slug":"diverticulos-de-esofago-superior-2","status":"publish","type":"classificacao","link":"https:\/\/endoscopiaterapeutica.net\/pt\/classificacao\/diverticulos-de-esofago-superior-2\/","title":{"rendered":"Divert\u00edculos de es\u00f4fago superior"},"content":{"rendered":"<p><a href=\"https:\/\/endoscopiaterapeutica.net\/pt\/wp-content\/uploads\/2021\/08\/div2.png\" data-rel=\"penci-gallery-image-content\" ><img fetchpriority=\"high\" decoding=\"async\" class=\"size-full wp-image-8035 aligncenter\" src=\"https:\/\/endoscopiaterapeutica.net\/pt\/wp-content\/uploads\/2021\/08\/div2.png\" alt=\"\" width=\"270\" height=\"245\" \/><\/a><\/p>\n<p>&nbsp;<\/p>\n<p><strong>Divert\u00edculo de Killian-Jamieson<\/strong><b> : <\/b>foi descrito em 1983 por Ekberg et al. e situa-se na parede anterolateral do es\u00f4fago cervical, distal ao m\u00fasculo cricofar\u00edngeo.<\/p>\n<p>&nbsp;<\/p>\n<p><strong>Divert\u00edculo de Zenker<\/strong><b>:\u00a0<\/b>se origina na linha m\u00e9dia da parede posterior do es\u00f4fago, acima do m\u00fasculo cricofar\u00edngeo (regi\u00e3o tamb\u00e9m chamada de tr\u00edgono de Killian).<\/p>\n<p>&nbsp;<\/p>\n<p>Veja com mais detalhes esse assunto no link abaixo:<\/p>\n<p><a href=\"https:\/\/endoscopiaterapeutica.net\/pt\/assuntosgerais\/diverticulo-de-zenker-vs-diverticulo-de-killian-jamieson\/\">https:\/\/endoscopiaterapeutica.net\/pt\/assuntosgerais\/diverticulo-de-zenker-vs-diverticulo-de-killian-jamieson\/<\/a><\/p>\n","protected":false},"excerpt":{"rendered":"<p>&nbsp; Divert\u00edculo de Killian-Jamieson : foi descrito em 1983 por Ekberg et al. e&hellip;<\/p>\n","protected":false},"author":5709,"featured_media":5529,"template":"","categoria_de_classificacao":[184],"class_list":["post-5528","classificacao","type-classificacao","status-publish","has-post-thumbnail","hentry","categoria_de_classificacao-esofago"],"yoast_head":"<!-- This site is optimized with the Yoast SEO Premium plugin v27.2 (Yoast SEO v27.4) - https:\/\/yoast.com\/product\/yoast-seo-premium-wordpress\/ -->\n<title>Divert\u00edculos de es\u00f4fago superior &#8226; Endoscopia Terapeutica<\/title>\n<meta name=\"robots\" content=\"index, follow, max-snippet:-1, max-image-preview:large, max-video-preview:-1\" \/>\n<link rel=\"canonical\" href=\"https:\/\/endoscopiaterapeutica.net\/pt\/classificacao\/diverticulos-de-esofago-superior-2\/\" \/>\n<meta property=\"og:locale\" content=\"pt_BR\" \/>\n<meta property=\"og:type\" content=\"article\" \/>\n<meta property=\"og:title\" content=\"Divert\u00edculos de es\u00f4fago superior\" \/>\n<meta property=\"og:description\" content=\"&nbsp; Divert\u00edculo de Killian-Jamieson : foi descrito em 1983 por Ekberg et al. e&hellip;\" \/>\n<meta property=\"og:url\" content=\"https:\/\/endoscopiaterapeutica.net\/pt\/classificacao\/diverticulos-de-esofago-superior-2\/\" \/>\n<meta property=\"og:site_name\" content=\"Endoscopia Terapeutica\" \/>\n<meta property=\"article:publisher\" content=\"https:\/\/www.facebook.com\/endoscopiaterapeutica\" \/>\n<meta property=\"article:modified_time\" content=\"2021-08-10T01:13:24+00:00\" \/>\n<meta property=\"og:image\" content=\"https:\/\/endoscopiaterapeutica.net\/pt\/wp-content\/uploads\/2017\/08\/div1-1.jpg?v=1628557326\" \/>\n\t<meta property=\"og:image:width\" content=\"366\" \/>\n\t<meta property=\"og:image:height\" content=\"260\" \/>\n\t<meta property=\"og:image:type\" content=\"image\/jpeg\" \/>\n<meta name=\"twitter:card\" content=\"summary_large_image\" \/>\n<script type=\"application\/ld+json\" class=\"yoast-schema-graph\">{\"@context\":\"https:\\\/\\\/schema.org\",\"@graph\":[{\"@type\":\"WebPage\",\"@id\":\"https:\\\/\\\/endoscopiaterapeutica.net\\\/pt\\\/classificacao\\\/diverticulos-de-esofago-superior-2\\\/\",\"url\":\"https:\\\/\\\/endoscopiaterapeutica.net\\\/pt\\\/classificacao\\\/diverticulos-de-esofago-superior-2\\\/\",\"name\":\"Divert\u00edculos de es\u00f4fago superior &#8226; Endoscopia Terapeutica\",\"isPartOf\":{\"@id\":\"https:\\\/\\\/endoscopiaterapeutica.net\\\/pt\\\/#website\"},\"primaryImageOfPage\":{\"@id\":\"https:\\\/\\\/endoscopiaterapeutica.net\\\/pt\\\/classificacao\\\/diverticulos-de-esofago-superior-2\\\/#primaryimage\"},\"image\":{\"@id\":\"https:\\\/\\\/endoscopiaterapeutica.net\\\/pt\\\/classificacao\\\/diverticulos-de-esofago-superior-2\\\/#primaryimage\"},\"thumbnailUrl\":\"https:\\\/\\\/endoscopiaterapeutica.net\\\/pt\\\/wp-content\\\/uploads\\\/2017\\\/08\\\/div1-1.jpg?v=1628557326\",\"datePublished\":\"2017-08-02T23:47:51+00:00\",\"dateModified\":\"2021-08-10T01:13:24+00:00\",\"breadcrumb\":{\"@id\":\"https:\\\/\\\/endoscopiaterapeutica.net\\\/pt\\\/classificacao\\\/diverticulos-de-esofago-superior-2\\\/#breadcrumb\"},\"inLanguage\":\"pt-BR\",\"potentialAction\":[{\"@type\":\"ReadAction\",\"target\":[\"https:\\\/\\\/endoscopiaterapeutica.net\\\/pt\\\/classificacao\\\/diverticulos-de-esofago-superior-2\\\/\"]}]},{\"@type\":\"ImageObject\",\"inLanguage\":\"pt-BR\",\"@id\":\"https:\\\/\\\/endoscopiaterapeutica.net\\\/pt\\\/classificacao\\\/diverticulos-de-esofago-superior-2\\\/#primaryimage\",\"url\":\"https:\\\/\\\/endoscopiaterapeutica.net\\\/pt\\\/wp-content\\\/uploads\\\/2017\\\/08\\\/div1-1.jpg?v=1628557326\",\"contentUrl\":\"https:\\\/\\\/endoscopiaterapeutica.net\\\/pt\\\/wp-content\\\/uploads\\\/2017\\\/08\\\/div1-1.jpg?v=1628557326\",\"width\":366,\"height\":260},{\"@type\":\"BreadcrumbList\",\"@id\":\"https:\\\/\\\/endoscopiaterapeutica.net\\\/pt\\\/classificacao\\\/diverticulos-de-esofago-superior-2\\\/#breadcrumb\",\"itemListElement\":[{\"@type\":\"ListItem\",\"position\":1,\"name\":\"Home\",\"item\":\"https:\\\/\\\/endoscopiaterapeutica.net\\\/pt\\\/\"},{\"@type\":\"ListItem\",\"position\":2,\"name\":\"Divert\u00edculos de es\u00f4fago superior\"}]},{\"@type\":\"WebSite\",\"@id\":\"https:\\\/\\\/endoscopiaterapeutica.net\\\/pt\\\/#website\",\"url\":\"https:\\\/\\\/endoscopiaterapeutica.net\\\/pt\\\/\",\"name\":\"Endoscopia Terapeutica\",\"description\":\"O Jornal Endoscopia Terap\u00eautica tem como objetivo compartilhar experi\u00eancias da pr\u00e1tica di\u00e1ria, al\u00e9m de prover atualiza\u00e7\u00f5es e discuss\u00f5es sobre endoscopia digestiva.\",\"publisher\":{\"@id\":\"https:\\\/\\\/endoscopiaterapeutica.net\\\/pt\\\/#organization\"},\"potentialAction\":[{\"@type\":\"SearchAction\",\"target\":{\"@type\":\"EntryPoint\",\"urlTemplate\":\"https:\\\/\\\/endoscopiaterapeutica.net\\\/pt\\\/?s={search_term_string}\"},\"query-input\":{\"@type\":\"PropertyValueSpecification\",\"valueRequired\":true,\"valueName\":\"search_term_string\"}}],\"inLanguage\":\"pt-BR\"},{\"@type\":\"Organization\",\"@id\":\"https:\\\/\\\/endoscopiaterapeutica.net\\\/pt\\\/#organization\",\"name\":\"Endoscopia Terapeutica\",\"url\":\"https:\\\/\\\/endoscopiaterapeutica.net\\\/pt\\\/\",\"logo\":{\"@type\":\"ImageObject\",\"inLanguage\":\"pt-BR\",\"@id\":\"https:\\\/\\\/endoscopiaterapeutica.net\\\/pt\\\/#\\\/schema\\\/logo\\\/image\\\/\",\"url\":\"https:\\\/\\\/endoscopiaterapeutica.net\\\/pt\\\/wp-content\\\/uploads\\\/2023\\\/09\\\/endter.jpg\",\"contentUrl\":\"https:\\\/\\\/endoscopiaterapeutica.net\\\/pt\\\/wp-content\\\/uploads\\\/2023\\\/09\\\/endter.jpg\",\"width\":720,\"height\":721,\"caption\":\"Endoscopia Terapeutica\"},\"image\":{\"@id\":\"https:\\\/\\\/endoscopiaterapeutica.net\\\/pt\\\/#\\\/schema\\\/logo\\\/image\\\/\"},\"sameAs\":[\"https:\\\/\\\/www.facebook.com\\\/endoscopiaterapeutica\",\"https:\\\/\\\/www.instagram.com\\\/endoscopy\\\/\",\"https:\\\/\\\/www.youtube.com\\\/@endoscopyonline\"]}]}<\/script>\n<!-- \/ Yoast SEO Premium plugin. -->","yoast_head_json":{"title":"Divert\u00edculos de es\u00f4fago superior &#8226; Endoscopia Terapeutica","robots":{"index":"index","follow":"follow","max-snippet":"max-snippet:-1","max-image-preview":"max-image-preview:large","max-video-preview":"max-video-preview:-1"},"canonical":"https:\/\/endoscopiaterapeutica.net\/pt\/classificacao\/diverticulos-de-esofago-superior-2\/","og_locale":"pt_BR","og_type":"article","og_title":"Divert\u00edculos de es\u00f4fago superior","og_description":"&nbsp; Divert\u00edculo de Killian-Jamieson : foi descrito em 1983 por Ekberg et al. e&hellip;","og_url":"https:\/\/endoscopiaterapeutica.net\/pt\/classificacao\/diverticulos-de-esofago-superior-2\/","og_site_name":"Endoscopia Terapeutica","article_publisher":"https:\/\/www.facebook.com\/endoscopiaterapeutica","article_modified_time":"2021-08-10T01:13:24+00:00","og_image":[{"width":366,"height":260,"url":"https:\/\/endoscopiaterapeutica.net\/pt\/wp-content\/uploads\/2017\/08\/div1-1.jpg?v=1628557326","type":"image\/jpeg"}],"twitter_card":"summary_large_image","schema":{"@context":"https:\/\/schema.org","@graph":[{"@type":"WebPage","@id":"https:\/\/endoscopiaterapeutica.net\/pt\/classificacao\/diverticulos-de-esofago-superior-2\/","url":"https:\/\/endoscopiaterapeutica.net\/pt\/classificacao\/diverticulos-de-esofago-superior-2\/","name":"Divert\u00edculos de es\u00f4fago superior &#8226; Endoscopia Terapeutica","isPartOf":{"@id":"https:\/\/endoscopiaterapeutica.net\/pt\/#website"},"primaryImageOfPage":{"@id":"https:\/\/endoscopiaterapeutica.net\/pt\/classificacao\/diverticulos-de-esofago-superior-2\/#primaryimage"},"image":{"@id":"https:\/\/endoscopiaterapeutica.net\/pt\/classificacao\/diverticulos-de-esofago-superior-2\/#primaryimage"},"thumbnailUrl":"https:\/\/endoscopiaterapeutica.net\/pt\/wp-content\/uploads\/2017\/08\/div1-1.jpg?v=1628557326","datePublished":"2017-08-02T23:47:51+00:00","dateModified":"2021-08-10T01:13:24+00:00","breadcrumb":{"@id":"https:\/\/endoscopiaterapeutica.net\/pt\/classificacao\/diverticulos-de-esofago-superior-2\/#breadcrumb"},"inLanguage":"pt-BR","potentialAction":[{"@type":"ReadAction","target":["https:\/\/endoscopiaterapeutica.net\/pt\/classificacao\/diverticulos-de-esofago-superior-2\/"]}]},{"@type":"ImageObject","inLanguage":"pt-BR","@id":"https:\/\/endoscopiaterapeutica.net\/pt\/classificacao\/diverticulos-de-esofago-superior-2\/#primaryimage","url":"https:\/\/endoscopiaterapeutica.net\/pt\/wp-content\/uploads\/2017\/08\/div1-1.jpg?v=1628557326","contentUrl":"https:\/\/endoscopiaterapeutica.net\/pt\/wp-content\/uploads\/2017\/08\/div1-1.jpg?v=1628557326","width":366,"height":260},{"@type":"BreadcrumbList","@id":"https:\/\/endoscopiaterapeutica.net\/pt\/classificacao\/diverticulos-de-esofago-superior-2\/#breadcrumb","itemListElement":[{"@type":"ListItem","position":1,"name":"Home","item":"https:\/\/endoscopiaterapeutica.net\/pt\/"},{"@type":"ListItem","position":2,"name":"Divert\u00edculos de es\u00f4fago superior"}]},{"@type":"WebSite","@id":"https:\/\/endoscopiaterapeutica.net\/pt\/#website","url":"https:\/\/endoscopiaterapeutica.net\/pt\/","name":"Endoscopia Terapeutica","description":"O Jornal Endoscopia Terap\u00eautica tem como objetivo compartilhar experi\u00eancias da pr\u00e1tica di\u00e1ria, al\u00e9m de prover atualiza\u00e7\u00f5es e discuss\u00f5es sobre endoscopia digestiva.","publisher":{"@id":"https:\/\/endoscopiaterapeutica.net\/pt\/#organization"},"potentialAction":[{"@type":"SearchAction","target":{"@type":"EntryPoint","urlTemplate":"https:\/\/endoscopiaterapeutica.net\/pt\/?s={search_term_string}"},"query-input":{"@type":"PropertyValueSpecification","valueRequired":true,"valueName":"search_term_string"}}],"inLanguage":"pt-BR"},{"@type":"Organization","@id":"https:\/\/endoscopiaterapeutica.net\/pt\/#organization","name":"Endoscopia Terapeutica","url":"https:\/\/endoscopiaterapeutica.net\/pt\/","logo":{"@type":"ImageObject","inLanguage":"pt-BR","@id":"https:\/\/endoscopiaterapeutica.net\/pt\/#\/schema\/logo\/image\/","url":"https:\/\/endoscopiaterapeutica.net\/pt\/wp-content\/uploads\/2023\/09\/endter.jpg","contentUrl":"https:\/\/endoscopiaterapeutica.net\/pt\/wp-content\/uploads\/2023\/09\/endter.jpg","width":720,"height":721,"caption":"Endoscopia Terapeutica"},"image":{"@id":"https:\/\/endoscopiaterapeutica.net\/pt\/#\/schema\/logo\/image\/"},"sameAs":["https:\/\/www.facebook.com\/endoscopiaterapeutica","https:\/\/www.instagram.com\/endoscopy\/","https:\/\/www.youtube.com\/@endoscopyonline"]}]}},"_links":{"self":[{"href":"https:\/\/endoscopiaterapeutica.net\/pt\/wp-json\/wp\/v2\/classificacao\/5528","targetHints":{"allow":["GET"]}}],"collection":[{"href":"https:\/\/endoscopiaterapeutica.net\/pt\/wp-json\/wp\/v2\/classificacao"}],"about":[{"href":"https:\/\/endoscopiaterapeutica.net\/pt\/wp-json\/wp\/v2\/types\/classificacao"}],"author":[{"embeddable":true,"href":"https:\/\/endoscopiaterapeutica.net\/pt\/wp-json\/wp\/v2\/users\/5709"}],"version-history":[{"count":1,"href":"https:\/\/endoscopiaterapeutica.net\/pt\/wp-json\/wp\/v2\/classificacao\/5528\/revisions"}],"predecessor-version":[{"id":5655,"href":"https:\/\/endoscopiaterapeutica.net\/pt\/wp-json\/wp\/v2\/classificacao\/5528\/revisions\/5655"}],"wp:featuredmedia":[{"embeddable":true,"href":"https:\/\/endoscopiaterapeutica.net\/pt\/wp-json\/wp\/v2\/media\/5529"}],"wp:attachment":[{"href":"https:\/\/endoscopiaterapeutica.net\/pt\/wp-json\/wp\/v2\/media?parent=5528"}],"wp:term":[{"taxonomy":"categoria_de_classificacao","embeddable":true,"href":"https:\/\/endoscopiaterapeutica.net\/pt\/wp-json\/wp\/v2\/categoria_de_classificacao?post=5528"}],"curies":[{"name":"wp","href":"https:\/\/api.w.org\/{rel}","templated":true}]}}

Divertículos de esôfago superior

<p><a href="https://endoscopiaterapeutica.net/pt/wp-content/uploads/2021/08/div2.png" data-rel="penci-gallery-image-content" ><img fetchpriority="high" decoding="async" class="size-full wp-image-8035 aligncenter" src="https://endoscopiaterapeutica.net/pt/wp-content/uploads/2021/08/div2.png" alt="" width="270" height="245" /></a></p>
<p>&nbsp;</p>
<p><strong>Divertículo de Killian-Jamieson</strong><b> : </b>foi descrito em 1983 por Ekberg et al. e situa-se na parede anterolateral do esôfago cervical, distal ao músculo cricofaríngeo.</p>
<p>&nbsp;</p>
<p><strong>Divertículo de Zenker</strong><b>: </b>se origina na linha média da parede posterior do esôfago, acima do músculo cricofaríngeo (região também chamada de trígono de Killian).</p>
<p>&nbsp;</p>
<p>Veja com mais detalhes esse assunto no link abaixo:</p>
<p><a href="https://endoscopiaterapeutica.net/pt/assuntosgerais/diverticulo-de-zenker-vs-diverticulo-de-killian-jamieson/">https://endoscopiaterapeutica.net/pt/assuntosgerais/diverticulo-de-zenker-vs-diverticulo-de-killian-jamieson/</a></p>

<p>&nbsp; Divertículo de Killian-Jamieson : foi descrito em 1983 por Ekberg et al. e&hellip;</p>

<!-- This site is optimized with the Yoast SEO Premium plugin v27.2 (Yoast SEO v27.4) - https://yoast.com/product/yoast-seo-premium-wordpress/ -->
<title>Divertículos de esôfago superior &#8226; Endoscopia Terapeutica</title>
<meta name="robots" content="index, follow, max-snippet:-1, max-image-preview:large, max-video-preview:-1" />
<link rel="canonical" href="https://endoscopiaterapeutica.net/pt/classificacao/diverticulos-de-esofago-superior-2/" />
<meta property="og:locale" content="pt_BR" />
<meta property="og:type" content="article" />
<meta property="og:title" content="Divertículos de esôfago superior" />
<meta property="og:description" content="&nbsp; Divertículo de Killian-Jamieson : foi descrito em 1983 por Ekberg et al. e&hellip;" />
<meta property="og:url" content="https://endoscopiaterapeutica.net/pt/classificacao/diverticulos-de-esofago-superior-2/" />
<meta property="og:site_name" content="Endoscopia Terapeutica" />
<meta property="article:publisher" content="https://www.facebook.com/endoscopiaterapeutica" />
<meta property="article:modified_time" content="2021-08-10T01:13:24+00:00" />
<meta property="og:image" content="https://endoscopiaterapeutica.net/pt/wp-content/uploads/2017/08/div1-1.jpg?v=1628557326" />
	<meta property="og:image:width" content="366" />
	<meta property="og:image:height" content="260" />
	<meta property="og:image:type" content="image/jpeg" />
<meta name="twitter:card" content="summary_large_image" />
<script type="application/ld+json" class="yoast-schema-graph">{"@context":"https:\/\/schema.org","@graph":[{"@type":"WebPage","@id":"https:\/\/endoscopiaterapeutica.net\/pt\/classificacao\/diverticulos-de-esofago-superior-2\/","url":"https:\/\/endoscopiaterapeutica.net\/pt\/classificacao\/diverticulos-de-esofago-superior-2\/","name":"Divertículos de esôfago superior &#8226; Endoscopia Terapeutica","isPartOf":{"@id":"https:\/\/endoscopiaterapeutica.net\/pt\/#website"},"primaryImageOfPage":{"@id":"https:\/\/endoscopiaterapeutica.net\/pt\/classificacao\/diverticulos-de-esofago-superior-2\/#primaryimage"},"image":{"@id":"https:\/\/endoscopiaterapeutica.net\/pt\/classificacao\/diverticulos-de-esofago-superior-2\/#primaryimage"},"thumbnailUrl":"https:\/\/endoscopiaterapeutica.net\/pt\/wp-content\/uploads\/2017\/08\/div1-1.jpg?v=1628557326","datePublished":"2017-08-02T23:47:51+00:00","dateModified":"2021-08-10T01:13:24+00:00","breadcrumb":{"@id":"https:\/\/endoscopiaterapeutica.net\/pt\/classificacao\/diverticulos-de-esofago-superior-2\/#breadcrumb"},"inLanguage":"pt-BR","potentialAction":[{"@type":"ReadAction","target":["https:\/\/endoscopiaterapeutica.net\/pt\/classificacao\/diverticulos-de-esofago-superior-2\/"]}]},{"@type":"ImageObject","inLanguage":"pt-BR","@id":"https:\/\/endoscopiaterapeutica.net\/pt\/classificacao\/diverticulos-de-esofago-superior-2\/#primaryimage","url":"https:\/\/endoscopiaterapeutica.net\/pt\/wp-content\/uploads\/2017\/08\/div1-1.jpg?v=1628557326","contentUrl":"https:\/\/endoscopiaterapeutica.net\/pt\/wp-content\/uploads\/2017\/08\/div1-1.jpg?v=1628557326","width":366,"height":260},{"@type":"BreadcrumbList","@id":"https:\/\/endoscopiaterapeutica.net\/pt\/classificacao\/diverticulos-de-esofago-superior-2\/#breadcrumb","itemListElement":[{"@type":"ListItem","position":1,"name":"Home","item":"https:\/\/endoscopiaterapeutica.net\/pt\/"},{"@type":"ListItem","position":2,"name":"Divertículos de esôfago superior"}]},{"@type":"WebSite","@id":"https:\/\/endoscopiaterapeutica.net\/pt\/#website","url":"https:\/\/endoscopiaterapeutica.net\/pt\/","name":"Endoscopia Terapeutica","description":"O Jornal Endoscopia Terapêutica tem como objetivo compartilhar experiências da prática diária, além de prover atualizações e discussões sobre endoscopia digestiva.","publisher":{"@id":"https:\/\/endoscopiaterapeutica.net\/pt\/#organization"},"potentialAction":[{"@type":"SearchAction","target":{"@type":"EntryPoint","urlTemplate":"https:\/\/endoscopiaterapeutica.net\/pt\/?s={search_term_string}"},"query-input":{"@type":"PropertyValueSpecification","valueRequired":true,"valueName":"search_term_string"}}],"inLanguage":"pt-BR"},{"@type":"Organization","@id":"https:\/\/endoscopiaterapeutica.net\/pt\/#organization","name":"Endoscopia Terapeutica","url":"https:\/\/endoscopiaterapeutica.net\/pt\/","logo":{"@type":"ImageObject","inLanguage":"pt-BR","@id":"https:\/\/endoscopiaterapeutica.net\/pt\/#\/schema\/logo\/image\/","url":"https:\/\/endoscopiaterapeutica.net\/pt\/wp-content\/uploads\/2023\/09\/endter.jpg","contentUrl":"https:\/\/endoscopiaterapeutica.net\/pt\/wp-content\/uploads\/2023\/09\/endter.jpg","width":720,"height":721,"caption":"Endoscopia Terapeutica"},"image":{"@id":"https:\/\/endoscopiaterapeutica.net\/pt\/#\/schema\/logo\/image\/"},"sameAs":["https:\/\/www.facebook.com\/endoscopiaterapeutica","https:\/\/www.instagram.com\/endoscopy\/","https:\/\/www.youtube.com\/@endoscopyonline"]}]}</script>
<!-- / Yoast SEO Premium plugin. -->

Divertículos de esôfago superior &#8226; Endoscopia Terapeutica

&nbsp; Divertículo de Killian-Jamieson : foi descrito em 1983 por Ekberg et al. e&hellip;

O Jornal Endoscopia Terapêutica tem como objetivo compartilhar experiências da prática diária, além de prover atualizações e discussões sobre endoscopia digestiva.
